 = -35 + b. What is the units digit of u?
2
Let a be (-2)/(-11) + 14/(-77). Suppose a*b + 4*b - 30 = 2*s, 2*s - 5 = -3*b. What is the units digit of b?
5
What is the units digit of (-48)/(-32) - 325/(-2)?
4
Let j(d) = 3*d + 3*d + 0 - 4 + 3*d. What is the units digit of j(3)?
3
Suppose 35 - 8 = 4*q + 5*b, -5*q = 5*b - 30. Suppose q*m - h - 39 = 0, 4*m = -4*h + h + 39. What is the tens digit of m?
1
Let v be ((-38)/(-3))/(4/6). Let x = v - 10. What is the units digit of 4/(-18) - (-74)/x?
8
Let u = -12 + 32. Suppose 0 = 3*m - 3*g - 96, 0 = -g + 6*g + u. What is the tens digit of m?
2
Let z(g) = 0*g + 7 + 4*g**3 + 10*g - 4*g**3 - g**3 - 4*g**2. What is the units digit of z(-6)?
9
Let r(w) = -8*w + 21. What is the tens digit of r(-7)?
7
Let x(d) = d**3 + 2*d**2 - d + 2. Let y be x(-3). What is the units digit of ((-4)/6)/(y/348)?
8
Suppose 0 = -2*s + 5*b - 4, 5*s - 3*b - 7 = 2. What is the tens digit of -5 - -2 - (-35 + s)?
2
Suppose -4*m + m + 2*p + 37 = 0, -5*p = 3*m - 2. What is the units digit of m?
9
Let k = 116 + -61. Suppose -5*z + 0*z + k = 0. Suppose 5*r = -5*h + z + 14, -h = 1. What is the units digit of r?
6
Let m(r) = -2*r + r - 2 + r**3 + 0 + 6*r**2. Suppose 3 = 3*o - 6, b + 3*o - 3 = 0. What is the units digit of m(b)?
4
Let k(g) = g + 1. Let r be k(-4). Suppose 3*c - 3 = -q, q - 2*c = 3*c + 11. Let j = r + q. What is the units digit of j?
3
Let j(a) = 14*a**2 + 3*a + 3. Let h be j(-3). Suppose 5*b = b + h. What is the tens digit of b?
3
Suppose 5*c + c - 1518 = 0. What is the units digit of c?
3
Suppose 0 = -3*s + s - 6, 2*s = 4*i - 6. Suppose 4 = a - i. What is the units digit of a?
4
Let x be (5/10)/((-2)/(-688)). Suppose -r + 188 = 4*y, -3*r + 8*r - x = -4*y. What is the tens digit of y?
4
Suppose 12*i + 199 = 13*i - 2*p, -3*i + 4*p = -603. What is the units digit of i?
5
Let b be (-40)/15*(-1 + -2). Suppose -b = -3*t - 2*f, f = -3*t + 7 + 3. Let r(i) = i**3 - 4*i**2 + 2*i - 1. What is the units digit of r(t)?
7
Let w(u) be the third derivative of u**5/60 + u**4/12 + u**3/2 - 19*u**2. Suppose -3*z + 2*n + 9 = -2*z, 9 = -3*n. What is the tens digit of w(z)?
1
Let m(p) = 4*p + 8. Let z(h) = -21*h - 40. Let b(t) = -11*m(t) - 2*z(t). Let g be b(-6). What is the units digit of ((-10)/g)/(-5)*14?
7
Let g(j) = -j**2 + 16*j + 9. Let c be g(7). Suppose -12*i + 11*i + 33 = 0. Suppose 4*y - 2*m = c, 4*m - 8 = y - i. What is the units digit of y?
7
Suppose -4*x - x + 585 = 0. What is the tens digit of x?
1
Let g(v) = v**3 - 7*v**2 + 7*v - 4. Let u be g(6). What is the units digit of 3*u/(-9)*-12?
8
Suppose -k = -4*k + 87. Suppose 4*z - d - 10 = k, -18 = -3*z - 3*d. What is the units digit of z?
9
Suppose 0 = 5*h + 3*v - 200, 0 = -h - 0*v + 4*v + 63. What is the units digit of h?
3
Suppose 14 = 3*i - 4. Let u(b) = 4*b - 6. What is the tens digit of u(i)?
1
Let k = -2 + 23. What is the tens digit of (-68)/(-6)*k/14?
1
Let r(i) = -7*i**3 - 3*i**2 - 2*i + 1. Let z be r(-2). Suppose 2*n - 10 = 2*s, -4*n - 3*s + z = n. Let g(o) = o - 2. What is the units digit of g(n)?
6
Let n(l) be the second derivative of 9/2*l**2 + 0 - 2*l + 1/6*l**3. What is the units digit of n(0)?
9
Let p be 3 + -4 + 3 + 1. Suppose -p*w + 18 = 5*x, 0*x = -3*x - 3*w + 12. Let v = x + 0. What is the units digit of v?
3
Suppose -4*d = -5*d + 55. Suppose -d = 2*u - 7*u. What is the units digit of u?
1
Suppose 0 = -4*j + 11 + 109. Suppose j = 8*r - 3*r. Let q = r - -4. What is the tens digit of q?
1
Let u(a) = 3*a**2 - 6*a + 6. Suppose 0*b + 16 = 4*b. What is the tens digit of u(b)?
3
Suppose g + 3*g - 20 = 0. Let y(n) = -n**3 + 6*n**2 - n + 7. What is the units digit of y(g)?
7
What is the units digit of (-645)/(-10) - (-12)/8?
6
Suppose 0*s = 3*i + 5*s, i + 2*s = 1. What is the units digit of (-3)/15 + (-36)/i?
7
Let q be ((-72)/30)/(6/(-40)). Let w(z) = -z**2 + 11*z. Let p be w(7). Let j = p - q. What is the units digit of j?
2
What is the tens digit of 1*(27 - 2 - -2)?
2
Suppose -3*i = -7*i + 28. What is the units digit of i?
7
Let z = 1 - -2. Suppose -2*k + z*k - 5 = 0. Suppose -2*v + 18 = 4*m, -3*m - 8 - 24 = -k*v. What is the units digit of v?
7
Suppose 2*m - 5*m + 27 = 0. What is the units digit of m?
9
Suppose -5*r + 0 = -10. Suppose -s = -r*s + 22. What is the units digit of s?
2
Suppose -2*y - 4 = 2, -y = 3*o - 9. Suppose -4*h + 15 = o*g + 3, 2*g = 4*h - 18. Let x = 10 + h. What is the units digit of x?
4
Suppose 532 = 6*b - 2*b + 2*s, -155 = -b + 5*s. What is the units digit of b?
5
Let z be 3*(-1 - 24/(-9)). Suppose -w + 10 = 4*v - 1, -2*v + z*w + 11 = 0. Suppose -2*h = 4*o - 24, 1 + 0 = v*h - o. What is the units digit of h?
2
Let z be 1/(-2)*0/1. Suppose -k + z = -5. What is the units digit of k?
5
Let y(g) = -g**2 + 4*g + 4. Let t be y(5). What is the tens digit of t + 1 + 55/5?
1
Suppose 2*x + 29 = 113. What is the units digit of x?
2
Suppose 3*j - 2*j = -2. Let f(r) = -18*r. What is the tens digit of f(j)?
3
Let b be -2 + 6 + (2 - 4). Suppose 5*z = 15, -b*v + 3*z + 4 = -1. What is the units digit of v?
7
What is the tens digit of (-142)/3*(9 + -12)?
4
Let w be (-3)/(-2)*(-4)/3. Let y(f) = f - 1. Let d be y(w). Let n = 9 + d. What is the units digit of n?
6
Let n(d) = -d**2 - 9*d - 9. Let g be (-2)/7 - (-48)/21. Suppose -g*w = 8 + 6. What is the units digit of n(w)?
5
Let q be (-1 + 2 + -18)*-1. Suppose -3*m - 2*m - 5 = d, 0 = -3*d + m + q. Suppose 0*b - 35 = -d*b. What is the units digit of b?
7
Suppose -1618 = -9*z + 389. What is the tens digit of z?
2
Suppose -5*w = -8 - 12. Suppose -d - 2*d - 135 = -w*h, -9 = -3*d. Suppose 4*u - u - h = 0. What is the units digit of u?
2
Let i(j) = 40*j - 4. Let n be i(4). Suppose 0 = -5*f + n + 29. What is the units digit of f?
7
Suppose 0 = -t - 4*t + 245. What is the tens digit of t?
4
Suppose 3*l + 3*l + 6 = 0. Let r(b) = -13*b - 2. What is the units digit of r(l)?
1
Let j(p) = 7*p**2 + 7*p + p**2 - p**3 - 3*p**2 - 1. Suppose 0 = 2*i - i - 6. What is the units digit of j(i)?
5
Let u(l) = l - 5. Let r be u(4). What is the units digit of 1 - ((-3)/r + -14)?
2
Let m = 3 - -6. Suppose 5*i - 6 = m. Suppose 5*t - 48 = -4*r, -i*r + 4*t = r - 12. What is the units digit of r?
7
Let j(o) be the first derivative of -o**4/4 - 2*o**3/3 + o**2/2 - 3*o + 2. Let u be j(-3). Suppose -2*v - u = -3*v. What is the units digit of v?
3
What is the units digit of 2/(-12) + (-3612)/(-72)?
0
Suppose 182 = 3*s + t, s + 5*t - 25 = 17. What is the units digit of s?
2
Let m = 3 - 3. Suppose y - 2*y = m, -3*r + 3*y + 6 = 0. What is the units digit of r?
2
Let s = 3 + -3. Suppose s = -5*z + 4*z + 4. Suppose -z*y + 53 = 5*i, 4*y = -y + i + 30. What is the units digit of y?
7
Let q = 96 + -58. Suppose -u + 0*m = -2*m - 28, -q = -2*u - 5*m. What is the units digit of u?
4
Let u = -4 + 7. Let y(b) = -b**3 + 3*b**2 + b + 3. Let s be y(u). Suppose 0 = g - 2*a - 3, -4*g = -2*a - 6 - s. What is the units digit of g?
3
Let x(c) = -5 - 8*c - c**3 - 7*c**2 + 2*c + 4. Let f be x(-6). What is the units digit of (-1 - (-1 - f))*-9?
9
Suppose -5*r + 3025 = 6*r. What is the hundreds digit of r?
2
Let o be (3 - 15)/((-6)/(-4)). Let c(l) = -3*l - 3. Let r be c(o). Let y = -11 + r. What is the units digit of y?
0
Suppose -4 = 3*c - c. What is the units digit of (-6)/4 + (-9)/c?
3
Suppose -4*y = -167 - 85. What is the tens digit of y?
6
Suppose -11 = -5*d + 79. What is the units digit of d?
8
Suppose -9*z + 72 = -6*z. What is the tens digit of z?
2
Suppose 3*h + 9*q = 4*q - 4, -4*h = -3*q - 14. Suppose 4*w = 4*m - w - 22, -h*m - 5*w = 4. Let f(j) = j**3 - 4*j**2 + 5*j - 2. What is the units digit of f(m)?
4
Suppose 2*j + 6 = -4*m, 4*j - 2*m = -3*m - 19. Let b = -2 - j. What is the units digit of b?
3
Let t(q) = q**3 + 9*q**2 + 4*q - 8. Let k be t(-8). Suppose -2*b + k = 2*b. What is the units digit of b?
6
Suppose 0 = j - 4*c - 244, 0*c = 3*j - 2*c - 712. What is the tens digit of j?
3
Suppose 0 = -9*w + 161 - 26. What is the tens digit of w?
1
Let k be -42*((-6)/(-2))/(-6). Let l = 0 + k. What is the tens digit of l?
2
Let k = 285 + -150. What is the units digit of k?
5
Let v(b) be the second derivative of b**3/2 + b**2 - b. Let x be v(-2). Let o(w) = -w**2 - 5*w - 2. What is the units digit of o(x)?
2
Let o(d) = 3*d - 4. Let g be o(-9). What is the tens digit of (